) - 6/15?
1
Suppose 660 = -8*o + 2804. What is the units digit of o?
8
Let o(t) = t**2 + 4*t - 3. What is the units digit of o(2)?
9
Let n = -2 - -5. Suppose 0 = n*v + v - 52. What is the units digit of v?
3
Let p = 61 + -37. What is the tens digit of p?
2
Suppose 3*g - 105 = -0*g. What is the tens digit of g?
3
What is the units digit of (-44)/(-2)*(-36)/(-24)?
3
Let x(m) = m**3 - 3*m**2 + m + 1. Let a be x(3). Let b be 4/(-6)*(-6)/a. What is the units digit of b/(-1)*(-3 + 0)?
3
What is the tens digit of (-844)/(-14) - (24/(-14) - -2)?
6
Let i(s) = -5*s + 5. Let j be i(5). Let p(d) = -3*d + 7. Let y be p(5). Let w = y - j. What is the tens digit of w?
1
Suppose -2*m + 30 = m. What is the tens digit of m?
1
Let y(u) be the third derivative of -u**6/120 - 3*u**5/20 - u**4/24 - u**3/2 + 8*u**2. What is the units digit of y(-9)?
6
Suppose 0 = -k - k + 522. What is the tens digit of k?
6
Let l be (-2)/(-4) + (-12)/(-8). Suppose d = 3*d - w - 21, -l*w = -d + 15. What is the units digit of d?
9
Suppose p = w + 5, -3*w - 20 + 3 = -4*p. Let d = w + 3. Suppose 5*k + y - 4*y + 4 = d, -3*y = -9. What is the units digit of k?
1
Let a = -3 - -5. Suppose -l = -a*f + 28, 2*f + 2*l - 19 - 3 = 0. What is the tens digit of f?
1
Let f(r) = 7*r + 1. Let m be f(-1). Let u = -2 - m. What is the units digit of u?
4
Let t(r) be the third derivative of r**4/24 + r**3/3 - r**2. Let g = 6 + 0. What is the units digit of t(g)?
8
Let z be 10/(-45) - 218/(-9). Suppose -2*o - z = -4*d, -6*o - 24 = -o + 2*d. What is the units digit of (-3)/(-2) - 15/o?
4
Let v(r) = 32*r + 44. What is the tens digit of v(7)?
6
Let m(q) = q**2 + 6*q - 4*q**2 + q**3 + 7*q**2 + 2 - 2*q**3. What is the units digit of m(5)?
7
Let m(q) = -2*q + 18. What is the units digit of m(5)?
8
Let v(w) = -5*w**3 + 2*w + 1. Suppose -m + 1 = 2*d + 2*m, -3*m + 4 = -d. What is the units digit of v(d)?
4
Suppose 0 = 2*x - 4*x - 5*w + 13, 3*w - 9 = 0. Let d be 17 - 2*x/2. Suppose -j - d = -4*i - 0*j, 5*i - 22 = j. What is the units digit of i?
4
Suppose 0 = -9*p + 4*p - 270. Let h = p - -78. Suppose -h = -3*c - 0*c. What is the units digit of c?
8
Let x(h) = 3*h. Let g be x(-1). Let w = -3 - g. Suppose -5*u + w + 25 = 0. What is the units digit of u?
5
Let w(q) = q**3 - 5*q**2 - 5*q - 6. Suppose -3*s = o + 9, o + 2*s - 16 = 4*s. Let k be w(o). What is the units digit of k + ((-3)/(-1) - 1)?
2
Let z(h) = 1. Let l(o) = o + 8. Let y(d) = l(d) - 4*z(d). What is the units digit of y(12)?
6
Let x(o) = 2*o**3 - 14*o**2 + 2*o - 8. Let w(z) = -z**3 + 7*z**2 - z + 4. Let b(m) = 5*w(m) + 3*x(m). Let q be 3/((-6)/14)*-1. What is the units digit of b(q)?
3
Suppose 4*p - 5*p + 69 = 0. What is the units digit of p?
9
Let m(g) = 3 - 6*g + g**3 + 11*g**2 + 5*g - 1 - 3. What is the tens digit of m(-11)?
1
Let m be (-2)/9 - (-195)/27. Suppose m = h - 0. What is the units digit of h?
7
Suppose -16*n + 122 = -14*n. What is the units digit of n?
1
Suppose 12 = 5*w + 2*z, -w + 4 = 3*w + 3*z. Suppose -54 = -w*l + r, 2*l = -3*l - 5*r + 80. What is the units digit of l?
4
Suppose 0*r - 3*r = -5*s + 49, -4 = -2*r. Suppose s*j - 6*j = 20. Suppose -j*v + 2*i + 40 = -34, 2*i = 2. What is the tens digit of v?
1
Let i(w) = -w**2 + 1 + 3*w**2 + 2*w**3 - 2. Let f be i(-1). Let b = 3 + f. What is the units digit of b?
2
What is the units digit of (-238)/(-10) - 3/(-15)?
4
Suppose 2*r - 8 = 0, -4*r = -d - 3*r + 4. What is the units digit of d?
8
Let j(l) = 12*l - 1. Suppose 3*w = w + 8. Let u be j(w). Let n = -26 + u. What is the units digit of n?
1
Let n = 9 - 8. Let s(r) = 0*r**2 + 2*r**2 + n - 4 + 4*r + 1. What is the tens digit of s(-4)?
1
Suppose 0 = l + 2 + 1, 0 = m - 3*l - 16. What is the units digit of m?
7
Let u be (-8)/6*(-6)/4. Suppose -u*q - j - 18 = -60, -3*j = q - 21. What is the tens digit of q?
2
Suppose -3*v + 2*v = -f, f + 20 = 5*v. Suppose -u = v*y - 48, -3*y = 5*u - 74 + 32. What is the units digit of y?
9
Let g be 3 - (-3)/(2 - 1). Let n(w) = w. What is the units digit of n(g)?
6
Let r = 0 - 2. Let q(j) = j**3 + 3*j**2 + 3*j + 3. What is the units digit of q(r)?
1
Let p be 10/(3*2/6). What is the units digit of (-1)/5 + 82/p?
8
Let v be 32/14 + (-2)/7. Suppose 2*a + 2 = 0, -v*a = -4*j + 55 + 63. Let u = -19 + j. What is the units digit of u?
0
Let l be 6*(-6)/(-9) + 1. Suppose -6*p + y + 81 = -2*p, -l*p - 2*y + 85 = 0. What is the tens digit of p?
1
Let f(q) = 14*q + 3. Let j be f(3). Suppose 4*p - 23 = j. What is the units digit of p?
7
Let u(q) = 5 + 3*q - 4 + 2. What is the tens digit of u(5)?
1
Suppose -3*u = 3*z, -z + 2*u - 11 = -2. Let k = 5 + -11. What is the units digit of 2/k*(z + -18)?
7
Suppose -5*h = 10, -4*f + 3*h = h - 4. Let x = 6 - f. Suppose -2*g - x = -26. What is the units digit of g?
0
Let a(j) = j**2 + 7*j - 1. What is the units digit of a(-9)?
7
Let c = 727 + -422. What is the hundreds digit of c?
3
Let y(j) = -j**3 - j**2 + 1. Suppose 4*c = -3*b + 7, -15 = 5*c - 4*b + 3*b. Let d be y(c). Suppose -g - 40 = -d*g. What is the tens digit of g?
1
Suppose -2*u - 2*p + 122 = -3*p, u - p - 61 = 0. What is the tens digit of u?
6
Suppose 2 = -0*i + i. Suppose 3*t - 102 = t + m, 3*m = -i*t + 86. What is the units digit of t?
9
Suppose 0 = 2*u - 4 - 4. What is the units digit of u?
4
Let j(r) = r**3. What is the units digit of j(3)?
7
Let z be 4 - (3 + -1 + 0). Let g = 5 - z. What is the units digit of g?
3
Let k be ((-117)/(-6))/(1/2). Suppose 5*f + 4*r = 195, 2*r = -f + r + k. What is the tens digit of f?
3
Let m(a) = -a**3 - 5*a**2 + 5*a - 1. Let y = -14 - -8. Let h be m(y). Let q = -1 + h. What is the units digit of q?
4
Let l = -45 + 63. What is the tens digit of l?
1
Let g be 16/7 - (-6)/(-21). Suppose 0*k = -g*k. Suppose k = -2*a + 14. What is the units digit of a?
7
Let b(g) = -g**2 + 3*g + 1. Let j be b(3). Suppose -7 - j = -t + 5*q, 0 = -3*q + 3. What is the tens digit of t?
1
Let q = -105 - -182. What is the units digit of q?
7
Let w(p) = 6*p**2 - 6*p + 3. Let z(h) = 7*h**2 - 6*h + 3. Let q(l) = 6*w(l) - 5*z(l). What is the units digit of q(7)?
0
Let k = -23 + 27. What is the tens digit of (-1 - k/(-8))*-34?
1
Let q be (2 + (-2)/(-2))/(-1). Let j = 7 + q. What is the units digit of j?
4
Suppose -2 = -3*x - 0*x + i, 4*x - 4*i = -8. Let c(d) = 4*d - d - 6 - 3*d**x + 3 + 5*d**2. What is the units digit of c(-3)?
6
Suppose 0*f + 3*f + 18 = 0. Let j = 18 + f. What is the units digit of j?
2
Suppose 4*f - 5 - 3 = 0. Let d be 1/2*-4 + f. What is the units digit of (-28)/(-8)*(d + 2)?
7
Let s = 75 + -44. What is the units digit of s?
1
Let q(t) = -2*t**3 - 15*t**2 - 17*t. Let y(h) = 3*h**3 + 22*h**2 + 25*h. Let u(a) = 8*q(a) + 5*y(a). What is the tens digit of u(-9)?
1
Suppose 0 = -4*o - o + 5. Let r = -8 + 27. Suppose -3*l = o - r. What is the units digit of l?
6
Suppose 12 - 2 = n. Let c be (2 + 5)*1/1. Let j = n - c. What is the units digit of j?
3
Let u = -113 + 207. What is the tens digit of u?
9
Let i(h) = h**3 + 8*h**2 + 5*h - 9. What is the units digit of i(-7)?
5
Let z(l) = 5*l**2 - 8*l - 1. What is the hundreds digit of z(6)?
1
Let l(f) = -5*f. Let n be (4/6)/(2/(-3)). Let i be l(n). What is the units digit of (-2)/4*(3 - i)?
1
Suppose -3*q + 38 = -q. Suppose -q = -d - 0*d. What is the units digit of d?
9
Let h = 129 - 88. What is the units digit of h?
1
What is the units digit of 2 + -1 + (-4 - -5)?
2
Suppose 0 = 3*g + 6, 0*g - 4 = -4*a - 2*g. Suppose 4*q - 217 = -y, -3*q - a*q = -5*y - 265. What is the units digit of q?
4
Let u = 108 - 21. What is the units digit of u?
7
Let p(f) = 149*f - 7. What is the hundreds digit of p(3)?
4
Let q(d) = 37*d - 1. Let f be q(1). Suppose -5*t + 136 - f = 0. Suppose 0 = -8*k + 3*k + t. What is the units digit of k?
4
Let s = -7 - -3. Let z be -1 + (-3)/(1 + s). Let k = 2 - z. What is the units digit of k?
2
Suppose 4 = 2*b + 3*h - 9, b - 4*h - 12 = 0. What is the tens digit of b/(-4) + (1 - -29)?
2
Suppose 2*f = -3*f - 40. Let w(j) = 8*j + j**2 + 4 - 4 + 1. What is the units digit of w(f)?
1
Let t be (-2 - 0) + -1 + 5. Let k = t + 0. Let b = k - -1. What is the units digit of b?
3
Suppose 2*x + 4*a + 22 = 0, 3*x - a - 7 = a. Let o = x + 1. Suppose -f + 2*l + 14 = 0, 2*l = -4*f - o + 36. What is the tens digit of f?
1
What is the hundreds digit of 13 - -179 - (0 + 